= 1 + 7*h + 1 - 1 + 2. Suppose 5*a + 43 = 33. What is k(a)?
-11
Let o(x) = -2 - 6 - x + 5. Give o(4).
-7
Let s = 7 - 5. Let p(x) = -2 + 2 + 2*x + 3 + s*x. Let l = -6 + 4. Determine p(l).
-5
Let q(n) be the third derivative of -n**4/8 - n**3 - 3*n**2. Let f be q(-7). Let w be (-3)/(-2) - f/6. Let p(r) = -3*r**2 + 1. What is p(w)?
-2
Suppose -2*t - 8 = -t - 4*c, -5*t - c - 19 = 0. Let j(v) = v**3 + 5*v**2 + 5*v + 2. What is j(t)?
-2
Suppose b = -2*m + 3*b + 12, -5*m = -3*b - 20. Let j = m - -3. Let t(a) = -2*a - 2*a + 3 + 1 + a**2 - a. Calculate t(j).
0
Let m(f) be the third derivative of f**4/12 - f**3/6 + f**2. Determine m(-2).
-5
Let i(h) = -h**3 + 5*h**2 + h + 4. Let n be ((-20)/(-6))/((-26)/(-39)). Determine i(n).
9
Let m(g) = -5*g. Let a(p) = -p**3 + 6*p**2 + p - 2. Let b be a(6). Suppose b*j + 0 + 10 = -3*y, -4*j - 8 = 2*y. What is m(j)?
5
Let q(w) = -w + 9. Let y = 3 - 6. Let v(k) = k**3 + 4*k**2 + k - 1. Let j be v(y). Determine q(j).
4
Let q(s) = s**2 - 3*s + 6 + 0*s + s - 4*s. Let f be (9/(-6))/((-12)/32). What is q(f)?
-2
Let j = 13 + -5. Let m(a) = -a**2 + 5 + j*a**2 + a**3 - a**2 - 1. What is m(-6)?
4
Let d(n) be the second derivative of -n**7/840 - n**6/60 - n**5/30 - n**4/24 + n**3/3 - 3*n. Let u(c) be the second derivative of d(c). Give u(-5).
-6
Let d(a) = a**3 + 7*a**2 + 5*a + 3. Let k be d(-6). Let c(m) = 13*m**2 + 23*m + 28. Let h(y) = -3*y**2 - 6*y - 7. Let l(s) = k*h(s) + 2*c(s). Determine l(-6).
5
Let r(m) be the third derivative of -m**5/6 - m**4/24 + m**3/6 + m**2. Suppose -7*c + 5*c = -2. Give r(c).
-10
Let w(p) = 5*p + 2. Let n be w(2). Suppose -6*m = -2*m - n. Let q(k) = 11*k - 4 - 19*k + 11*k. What is q(m)?
5
Let i(w) = 6*w + 2 - 11*w + 8*w + 2*w. What is i(-2)?
-8
Suppose -d = 3*q + 6, -2*d + 6 = -d - q. Let g(b) = 6*b + 4. What is g(d)?
22
Let q(s) = s - 9. Let a be q(9). Suppose a = -5*t + 8 + 2. Let z(p) = p + 4 - p + t + 3*p. Determine z(-5).
-9
Let x(p) be the second derivative of p**3/6 - 4*p**2 + 8*p. What is x(7)?
-1
Let i(r) be the first derivative of r**4/4 - r**3/3 - r**2/2 - 7*r + 2. Suppose 0 = -3*j - 0*j. Suppose j = -5*a + 15, -2*p - 3*a = -a - 6. What is i(p)?
-7
Let v(m) = -m**2 - 50*m**3 + 5*m - 2 + 5*m**2 + 49*m**3. Calculate v(5).
-2
Let p(x) = -20*x + 41. Let i(u) = 7*u - 14. Let h(m) = 17*i(m) + 6*p(m). Calculate h(6).
2
Let j(z) = -3*z**3 - 5*z**2 - 3*z - 3. Let q(y) = 4*y**3 + 5*y**2 + 4*y + 4. Let l(o) = -5*j(o) - 4*q(o). Calculate l(5).
-6
Let w(a) = -a - 1. Suppose 0*h - 24 = 4*h. Calculate w(h).
5
Let s(h) be the second derivative of h**6/360 - h**5/24 + 5*h**4/24 + h**3/6 + h. Let p(o) be the second derivative of s(o). Give p(4).
1
Suppose 2*l - 2 = 0, 5*l - 3 = h - 4. Let x = -9 - -10. Let v = h - x. Let a(m) = m**2 - 9*m + 6. What is a(v)?
-14
Let o(g) = -g**2 + 1. Let f(q) = -q**2 - q - 2. Let k(t) = -f(t) + 2*o(t). Calculate k(0).
4
Suppose -2*n - t + 3*t + 10 = 0, 5*n = -2*t + 4. Let w(k) = 3 - 4*k + 4*k - k**n. Determine w(-3).
-6
Let x(y) = -3*y - 1. Let f be x(1). Let o = 11 + -7. Let k(n) = -o + 6 + 3 + n. Give k(f).
1
Let p(b) = b**2 - 5*b + 2. Let i be p(1). Let s(x) = x. Give s(i).
-2
Let r be (0 + 0)*1*-1. Let t be (1 - r - -1) + 2. Let v(y) = -y**2 - t - 3*y - 1 + 2*y**2. Calculate v(4).
-1
Suppose -2*g = 4, -4*l - 2*g + 4*g + 76 = 0. Suppose 4*p = -u + p - 15, 4*u + l = 2*p. Let c(n) = -n - 1. What is c(u)?
5
Let n(a) = 0*a + 2 - 2*a + 0*a - a. Let c(g) = 8*g - 3 - g + 0. Let m(t) = 2*c(t) + 5*n(t). What is m(-5)?
9
Let p = 2 + -1. Let t(z) be the second derivative of -z**3/6 + z**2/2 + 2*z. Let i(v) = 2*v**2 + 6*v - 1. Let x(f) = p*i(f) + 3*t(f). Give x(-2).
4
Suppose 27 = -5*i + 7. Let f(h) = h. Give f(i).
-4
Let y = -4 - -7. Let i(g) = -4*g**3 + 10*g**3 - 8*g**3 + 3*g**2 + y - 3*g. Suppose 15 = -5*n + 5*v, -n = n - 4*v + 16. What is i(n)?
-7
Let o be (-1 - -2)*0/(-7). Suppose o = -3*w + 4*w. Let f(l) = 1. Let v(b) = -b + 4. Let x(y) = 5*f(y) - v(y). Give x(w).
1
Let p = 0 - -2. Let u(b) = 2*b - 6. Let z be u(4). Let m(q) = p*q + 4*q**2 - q**z - 2*q**2 - 7*q. Give m(4).
-4
Suppose -9 = -2*l - l, -2*l = -s. Let t = -9 - -6. Let f be ((-1)/2)/(t/s). Let b(g) = -4*g**2 + g. Give b(f).
-3
Let a(i) = -i**2 - 8*i - 2. Let s = 10 + -18. Determine a(s).
-2
Let x(l) = -11*l**2 + l + 1. Let i(u) = u - 3. Let v be i(3). Suppose 0 = -5*f - o - v*o - 4, 0 = -3*f - 4*o + 1. Give x(f).
-11
Let s(k) = -7*k - 9. Let w(o) = 3*o + 5. Let j(g) = 2*s(g) + 5*w(g). Determine j(-7).
0
Suppose -5*n - 2*j = -3*j - 68, n - 4*j = 25. Let a(s) = -8*s + s**2 - 3 + n*s + 5. Let p(b) = -2*b**2 - 2*b. Let m be p(-2). What is a(m)?
-2
Let v(i) = -i - 3. Let d(o) = -o**3 + 4*o**2 + 4*o + 5. Let w be d(5). Calculate v(w).
-3
Let g(c) = c**2 + 15*c + 16. Let x be g(-14). Let n(q) = 3*q**2 + 3*q - 3. What is n(x)?
15
Suppose -2*g + g = 0. Let u(h) be the third derivative of -h**4/24 - h**3/6 - 12*h**2. Give u(g).
-1
Let i(k) = k**3 + k - 2. Let b be (-2)/(-3)*6/4. Let s be 1/(-3*b/(-6)). Suppose -4*o - 4*c + 3 = -9*c, -4 = -o - s*c. What is i(o)?
8
Let b = 86 - 84. Let l(u) = 5*u - 1. Give l(b).
9
Suppose 5 = -7*t + 2*t. Let a = -10 + t. Let s = a + 10. Let g(h) = -h - 1. Calculate g(s).
0
Suppose 5*z - 3 = 4*z. Let w(t) be the first derivative of -1/4*t**4 + 2*t + 0*t**2 + 1 + t**z. Give w(3).
2
Let t = -10 - -19. Let l(k) = 0 + 8*k + 0 - t*k + 1. Let r = 1 - 1. What is l(r)?
1
Let q(h) be the third derivative of 0 + 4*h**2 + 2/15*h**5 + 0*h + 4/3*h**3 + 7/24*h**4 + 1/120*h**6. Calculate q(-7).
8
Let p(c) be the second derivative of 2*c**3/3 + c**2/2 + 30*c. What is p(-3)?
-11
Let w = -2 - 2. Let v(u) = -u**2 - 4*u + 3. Calculate v(w).
3
Let w(o) = o**3 + 5*o**2 + 5*o + 2. Let q be w(-3). Let m(c) be the third derivative of c**5/60 - 7*c**4/24 + c**3 - 6*c**2. Give m(q).
-4
Let c(g) = -4*g**3 + 4*g**2 + g - 3. Let a(j) = -j**3 + j**2 - j. Let w(n) = -3*a(n) + c(n). Determine w(3).
-9
Let u(r) = -3*r**3. Suppose 8*d + 3 = 11*d. Give u(d).
-3
Suppose -4*c + 5*x = -32, 5*c - 3*x - 40 = 2*x. Suppose -2*f - o + c = 0, -f + 5*o = 2*f - 38. Let k(g) = 2*g - 1. What is k(f)?
11
Let n be ((-2)/(-4))/((-2)/20). Let t = n + 7. Let v(l) = 3*l - t*l + l. Determine v(1).
2
Let c be -1 - (5 + -5 - -8). Let a(b) = -b**2 - 10*b - 13. Calculate a(c).
-4
Let a(d) = -5*d + 7. Let b(i) = 10*i - 13. Let c(h) = -11*a(h) - 6*b(h). Calculate c(-1).
6
Let t be (0/2)/(2/2). Suppose 5*n - 5 = 5*v, 4*n + t*n = 3*v + 1. Let g(q) = q**2 + q + 2*q**3 + 2*q + 2*q**2 + 0*q**2. What is g(n)?
-10
Let i(m) = -2*m**2 - 5*m + 3. Suppose -5*d - 6 = 4*c - 26, 5*d + 5*c = 25. Suppose d*n - 4 = n. Determine i(n).
-9
Suppose g - 5*z = -g + 2, 5*z - 42 = -2*g. Let x(s) = -7 + g + s**2 + 0*s - 5*s. What is x(3)?
-2
Let p = -8 - -13. Suppose 2 = 2*g, t - 2 + p = -2*g. Let x(o) be the third derivative of -o**6/120 - o**5/15 + o**4/3 + o**3 - o**2. What is x(t)?
-9
Let i be -3 + 1*4*-1. Let o = i - -4. Let t(v) = -4 + v - 1 - 2*v. Calculate t(o).
-2
Let l(w) = -w**2 + 2*w + 3. Suppose 5*r + 8 = 28. Suppose -r = o - 2. What is l(o)?
-5
Suppose -h + 11 = 5. Let v(x) be the second derivative of x**3/2 - 4*x**2 + 81*x. What is v(h)?
10
Suppose 0 = -5*k + y - 38, 4*k - 8 = -4*y - 24. Let w(t) = -t**3 - 6*t**2 + 7*t + 1. Give w(k).
1
Let v = -1 + -2. Let c be 3/(v - -6) + -1. Let n(z) = -8 - 2 + 3*z - 4*z. What is n(c)?
-10
Let h(a) be the third derivative of -a**4/24 - a**3/6 - 3*a**2. Let p(x) = -x**2 + 8*x - 8. Let w be p(6). What is h(w)?
-5
Let v(c) be the third derivative of -c**5/60 + c**4/8 - c**3/6 + c**2 - 1. Calculate v(3).
-1
Suppose 2*f = -4*s - 8, 4*f - 4*s = -2*s + 24. Let l(g) = 4*g - 4*g**2 - g**3 + 0*g + 2*g**2 + 5*g**2. What is l(f)?
0
Let x(i) = i**2 - 6*i - 8. Let s be 20/9 + 2/(-9). Suppose -4*q = 2*v - 2, 0 = -s*q + q - 3. Let k be x(v). Let b(g) = -4*g. What is b(k)?
4
Let k(z) be the first derivative of -z**5/20 + z**4/24 - 4*z**3/3 + 2. Let s(p) be the third derivative of k(p). What is s(2)?
-11
Suppose -10 + 15 = -5*u. Suppose 4*q = -3*j - 4, -j = -0*j - 5*q - 24. Let a(t) = -t - j*t + 3*t + 1. What is a(u)?
3
Let b(u) = -10*u + 1. Let l = -9 - -8. What is b(l)?
11
Suppose -4*l - l = -45. Let r be (-4)/(-6) + (-60)/l. Let n(p) = -2*p - 3. Give n(r).
9
Suppose 0 = -2*p + 6 + 8. Let w(u) = u**2 - 8*u + 10. Calculate w(p).
3
Let u 